 List the prime factors of x(5).
2, 101
Let f(d) = 1 + 4*d**2 - d**3 + 3*d - 5*d + 4*d + 2*d**3. Let k be f(-2). Let s = -1 + k. What are the prime factors of s?
2
Suppose -n - 3*g + 0*g = 9, 15 = -5*g. Suppose n*c - 4*c = -12. Suppose 41 - 5 = c*q. What are the prime factors of q?
2, 3
Let b = 25 + -27. What are the prime factors of (-3 - b)*(-117)/3?
3, 13
Suppose 4*w = 166 + 114. List the prime factors of w.
2, 5, 7
Suppose -63 = -q - 5. What are the prime factors of q?
2, 29
Let q be (-256)/(-10) - 18/(-45). Suppose -3*i + 10 = 4*r, -4*i - r = -2*r - q. List the prime factors of i.
2, 3
Let p(o) = -o**3 + 9*o**2 - 2*o + 6. List the prime factors of p(8).
2, 3
Let b(t) = -t**2 - 4*t + 7. Let a be b(-5). List the prime factors of -3 - 31*(1 - a).
2, 7
Let y = -8 + 11. Suppose k + y*k + 12 = 0. Let u(r) = r**3 + 5*r**2 + 3*r - 4. What are the prime factors of u(k)?
5
Let d(r) be the second derivative of r**5/20 - 2*r**4/3 + 9*r**2/2 + 3*r. Let p be d(8). Suppose -5*s = -2*s - p. What are the prime factors of s?
3
Let a(w) = 2*w**3 - 2. List the prime factors of a(4).
2, 3, 7
Suppose 0*v = 2*v - 26. Let r = -93 + 177. Suppose -9*d - r = -v*d. List the prime factors of d.
3, 7
Let y = 1 + 3. Suppose 3*c - 74 = 3*d + 19, -3*c + 128 = y*d. Suppose 4*m - c = i, -4*i - 36 = -4*m + i. List the prime factors of m.
3
Let i = -3 + 46. What are the prime factors of i?
43
Suppose 26 = o - 10. What are the prime factors of o?
2, 3
Let o = -7 - -17. What are the prime factors of o?
2, 5
Let h = -10 - -13. Let s be ((-6)/(-9))/((-1)/(-3)). Suppose -30 = -h*b - 5*p + s*p, -p = 5*b - 34. List the prime factors of b.
2, 3
List the prime factors of ((-124)/(-16))/(4/80).
5, 31
Let y be (-1 - -2) + 3 + 6. Let s(n) = n + 1 - 4 + y. List the prime factors of s(0).
7
Suppose -3*n = -6*n + 411. List the prime factors of n.
137
What are the prime factors of (-948)/(-8) - (-15)/(-10)?
3, 13
Suppose -7*q = -457 - 334. What are the prime factors of q?
113
Let u = 25 - 18. Let s(b) = -b - 11. Let x(g) = -4*g - 34. Let l(h) = -7*s(h) + 2*x(h). What are the prime factors of l(u)?
2
Suppose -r - 3 = -2*w + 4*w, -12 = 3*w. Suppose -r*q + 16 = -19. List the prime factors of q.
7
Let c = -4 - -4. Let z(a) = a - 7. Let y be z(7). Suppose -3*t + n + 17 = c, 3*t - t + n - 3 = y. What are the prime factors of t?
2
Let r(s) = 2*s**2 + 7. List the prime factors of r(5).
3, 19
What are the prime factors of ((-9)/6 - -1)/(10/(-7940))?
397
Suppose 1 = 4*d - 3. Let u be -6*(-6)/18*(-5)/(-2). Suppose d - 4 = g, -u*g = 5*p - 20. What are the prime factors of p?
7
Suppose -3*j = 2*g - 63, -5*j + 2*j = -15. List the prime factors of g.
2, 3
Suppose -5*z + 1089 = 5*n + 59, -3*z = -3*n - 642. What are the prime factors of z?
2, 3, 5, 7
Let v(m) = m**3 + 10*m**2 - m + 15. What are the prime factors of v(-10)?
5
Suppose 0 = n - 6*n - 25. Let a(s) be the first derivative of -s**2/2 + s + 1. List the prime factors of a(n).
2, 3
Suppose -5*f - 21 = 2*n - 71, -3*f = -5*n - 61. Suppose 1 - f = -q. List the prime factors of q.
11
Let z = -5 + 7. List the prime factors of z.
2
Let v(p) = 4*p**2 - 4*p + 6. Let y be v(-5). Suppose -3*i - 4*t + 120 = i, 3*t + y = 5*i. List the prime factors of i.
3
What are the prime factors of (-9)/36 - 65/(-4)?
2
Suppose -19*r + 18*r + 187 = 0. List the prime factors of r.
11, 17
Let z(c) = 28*c - 11. Let k(p) = -9*p + 4. Let b(s) = 11*k(s) + 4*z(s). What are the prime factors of b(1)?
13
What are the prime factors of 3*(-4)/(-24)*56?
2, 7
Suppose 3*c - w - 139 = 0, 3*c + 25 - 140 = -5*w. Suppose 0*f - 3*f = -c. List the prime factors of f.
3, 5
Let s(m) = -3*m + 3. List the prime factors of s(-10).
3, 11
Let s be (4/(-3))/((-4)/(-6)). What are the prime factors of ((-15)/(-6))/(s/(-28))?
5, 7
Suppose 5*h - h - 76 = 0. Let s = h + -13. List the prime factors of s + -2*(-3 - -2).
2
Let l = -7 - -7. Suppose -3*u + 1 = -m - l*m, 4*m + 3*u - 11 = 0. List the prime factors of 2 + -2 + m*2.
2
Suppose 0 = -3*k + s + 209, s = -k + 75 - 0. What are the prime factors of k?
71
Let a be (3 + 7)/(1 - -1). Suppose -a*y - 4*m = m - 60, -2*y - 5*m = -18. List the prime factors of y.
2, 7
Suppose -4*p + 11*p - 791 = 0. List the prime factors of p.
113
Suppose 0*f = -f + 2*w - 99, -4*w + 404 = -4*f. Let v = -51 - f. Let c = -32 + v. List the prime factors of c.
2, 5
Let o = -27 + 48. What are the prime factors of o?
3, 7
Let y(l) = -l**3 - 5*l**2 + 3*l - 3. Let c be y(-5). Let g = -30 - 6. What are the prime factors of 4/c - 764/g?
3, 7
Let r = 35 - 22. Let l(o) = 5*o - 6 + 3 + o**2 - r*o. List the prime factors of l(10).
17
Let w = -16 - -29. Suppose -3*u = -5*x + w + 7, 34 = 2*x + 4*u. List the prime factors of x.
7
Let l(u) = 8*u**3 + u**2 + u + 1. What are the prime factors of l(3)?
229
Suppose -4*q + 124 = -2*w, 5*w = 6*q - q - 160. What are the prime factors of q?
2, 3, 5
Let k(u) = u**3 + 6*u**2 - 9*u - 7. List the prime factors of k(-6).
47
Suppose b + 0*h - 3*h - 36 = 0, -112 = -2*b - 2*h. Let o be 1/(-4) + b/12. Suppose -3*p = -p - o. What are the prime factors of p?
2
Let u(y) = -2*y - 13. Let f(r) = r - 1. Let k(m) = -f(m) - u(m). List the prime factors of k(-6).
2
Let t = 19 - -42. Suppose t = 5*b + 2*a, 0*b + a = -b + 14. What are the prime factors of b?
11
Suppose -r - 3 = 0, r - 43 = -n - 2*r. Let o be ((-3)/2)/((-2)/8). Suppose n = o*m - 2*m. What are the prime factors of m?
13
Let f = -508 - -737. List the prime factors of f.
229
Let v(t) = t**3 + 6*t**2 - 8*t + 4. What are the prime factors of v(-7)?
11
Suppose -8*p + 3*p = 0. Suppose p = r + 3 + 1. List the prime factors of r/(-2 - -4 - 4).
2
Suppose -5*q - s = 24, 4*s = -3*q - 1 - 10. Let v(t) = t + 9. What are the prime factors of v(q)?
2
Suppose 4*j - 2*j = -5*x + 1125, 0 = -4*x - 4*j + 912. List the prime factors of x.
223
Let o = 2 - -2. Suppose -5*l + 8 = -2*l - o*m, -4*l - m + 36 = 0. What are the prime factors of l?
2
Suppose -4*b = -3*q - 637, 160 = b - 0*q - q. List the prime factors of b.
157
Let k = -7 - -3. Let p(l) = 2*l**2 + 7*l + 4. What are the prime factors of p(k)?
2
Suppose 3*h = 4*h + 5*v - 12, -h - v = -12. List the prime factors of h.
2, 3
Suppose -8 = -3*p + 2*p. Suppose -2*k = -4*k + p. Suppose -x + 19 + 11 = k*b, 3*x - 2*b - 20 = 0. List the prime factors of x.
2, 5
Suppose g + 4 = -0*r + 3*r, -2*g = -4*r + 2. List the prime factors of r.
3
Suppose -2*b + 2 = 0, 0 = 3*d - 0*d - 4*b - 80. Suppose -3*n - n + d = 0. What are the prime factors of n?
7
Let x(d) = -d**2 + 24*d - 7. What are the prime factors of x(22)?
37
Let k = -256 - -442. What are the prime factors of k?
2, 3, 31
Let o be (78/(-2))/(-3) + 3. Suppose 4*y = o, p - y - 2*y + 5 = 0. What are the prime factors of p?
7
Suppose -3*y = 3 + 3. Let l be 0/2 - (4 + -9). Let g = y + l. List the prime factors of g.
3
Let a(i) = i**3 + 15*i**2 - 12*i - 3. What are the prime factors of a(-14)?
19
Suppose -4*i = -8*i + 16. Suppose 2*c - i*l + 0*l - 66 = 0, 5*c - 2*l = 181. What are the prime factors of c?
37
Suppose 0 = -3*t + 2*r + 33, -2*t = -t - 4*r - 21. Let h be (t/6)/(6/(-32)). What are the prime factors of 2/h + (-106)/(-8)?
13
Suppose -5*p = -4*w + 2, -4 = 4*p - 3*w + w. List the prime factors of 4/8 - 15/p.
2
Suppose 0 = -5*y + 4*x - 11, -2*x = -3*y + x - 9. Let n(p) = 11*p + 3 - 5 + 1. List the prime factors of n(y).
2, 5
Let w(l) = l**3 - 7*l**2 + l - 2. Let q be w(7). Suppose 0 = 3*k + q*r - 24, 3*k + 5*r = r + 27. What are the prime factors of k?
13
Let y(g) = -g**2 + g + 2. Let b(n) = n**2 - n. Let v(t) = 2*b(t) + y(t). Let u = -1 - -1. What are the prime factors of v(u)?
2
Suppose 0 = 4*k + 5*x - 166 - 275, -4*x = -20. What are the prime factors of k?
2, 13
List the prime factors of (-255*1)/(-5) + 1.
2, 13
Let n = 79 - -4. What are the prime factors of n?
83
Let m be (-3 + 0)/(-11 - -8). List the prime factors of (5/15)/(m/57).
19
Let z(t) = -t**2 - t + 1. Let a(f) = -2*f**3 - 10*f**2 - 10*f + 4. Let w(v) = a(v) - 6*z(v). Let l be w(-2). Suppose -l = -x - 1. List the prime factors of x.
5
Let g be (15/(-10))/(2/(-4)). Suppose -2*v + g*d + 22 = 0, -2*v - 3 + 1 = 3*d. List the prime factors of v.
5
Let c(p) = 43*p**2. Let r = -3 + 2. Let j be c(r). Suppose 52 = 5*a - j. What are the prime factors of a?
19
Suppose 16 = v + 3*